(-1)/(2/o). Let g(i) = i**2 + 9*i - 3. Calculate g(k).
-3
Let j(i) = -i**2 - i + 5. Let f be j(0). Let p be f/5*(-3 + 5). Let s(d) be the first derivative of d**3/3 - 2*d**2 - 1. Calculate s(p).
-4
Let d = -502 + 511. Let p(k) = k**2 - 10*k - 11. Determine p(d).
-20
Let z be (2 + -5)*(-3 - -6). Let x(b) = -b**2 - 9*b - 5. Calculate x(z).
-5
Let f(n) = -21*n - 6. Let z(h) = 1. Let w(d) = d + 1. Let g(a) = 4*w(a) - 3*z(a). Let l(t) = 2*f(t) + 11*g(t). Give l(3).
5
Suppose -32 = h + 7*h. Let u(t) = 4*t - 7. Let f(x) = x - 1. Let m(j) = 6*f(j) - u(j). Calculate m(h).
-7
Let w be (0 - (-1)/(-1))/((-43)/129). Let l(n) = -7*n**3 + 3*n**2 + 4*n - 9. Let j(m) = 4*m**3 - m**2 - 2*m + 5. Let h(v) = -5*j(v) - 3*l(v). Calculate h(w).
-13
Let o = -242 + 220. Let k(g) = g**2 + 23*g + 21. Determine k(o).
-1
Let p(y) = -y - 2. Let x(k) = 12*k - 206. Let r be x(18). What is p(r)?
-12
Let t(l) = 5*l - 41. Let h(z) = 11*z - 90. Let c(p) = -4*h(p) + 9*t(p). Give c(6).
-3
Let n = -55 - -57. Let x(z) = 3*z**2 - 1 - z**n + z + 2*z**2 + 0. Determine x(2).
17
Let w(p) = 8*p + 3. Let o(n) = -3*n - 1. Let d(r) = -5*o(r) - 2*w(r). What is d(-1)?
0
Let n(z) be the third derivative of -z**4/24 - z**3/3 - 4*z**2 + 66. What is n(1)?
-3
Let c(l) be the third derivative of -l**5/60 - l**4/12 + l**3/6 + 172*l**2. Give c(-4).
-7
Let n(q) be the first derivative of 3*q**4/4 - q + 47. Let o = 8 + -9. What is n(o)?
-4
Let b = 995 - 986. Let l(j) = -j**2 + 8*j + 7. Give l(b).
-2
Let z(a) = a - 1. Let n(s) = -21. Let g(j) = n(j) + z(j). Suppose -i = o + 2, 8*o = 4*i + 10*o + 4. Calculate g(i).
-22
Suppose 5*k = d - 53, 150 = 4*k + 170. Let g(y) = -y**2 + 28*y - 1. Give g(d).
-1
Let r be ((-40)/(-6))/4*(-261)/(-290). Let x(d) be the second derivative of 0 + r*d**2 + 3*d + 1/6*d**3. Give x(3).
6
Let f(v) = 15*v + 82. Let z be f(-6). Let p(k) = -k**2 - 7*k - 8. Give p(z).
-16
Suppose -417*a + 429*a - 12 = 0. Let y(h) be the third derivative of -h**4/6 + h**3/6 + h**2. Determine y(a).
-3
Let o(a) = a**2 + 811 - 1635 - 3*a + 820. Calculate o(3).
-4
Let q(g) = 2*g**3 + 7*g**2 + 6*g + 4. Let b be (-2 + -5)/(-7) + -5. Give q(b).
-36
Let i = -219 + 219. Suppose 9*d - 12*d + 2*x - 4 = 0, -3*d - 2*x - 20 = i. Let f(r) = -6*r - 10. Let q(w) = -13*w - 21. Let o(s) = -9*f(s) + 4*q(s). Give o(d).
-2
Let f be (-8)/(-2 - (-4)/3). Let i be 3/(-6) + f/(-8). Let m(t) = -3*t**3 + t**2 - t - 2. Let c(h) = h**3 - h**2. Let v(x) = i*c(x) - m(x). What is v(0)?
2
Let x(y) = 6*y**2 + y + 1 - 3*y**3 - 4*y**3 + 12*y**3 - 4*y**3. Let k be x(-6). Let p(l) = -l + 17 - 17. Calculate p(k).
5
Let f(x) = -x**2 + 4*x + 4. Suppose -14*z = -15*z + 53. Let s = z + -49. Give f(s).
4
Let s(j) = j**2 - j - 3. Suppose -2*b - 4*k + 20 = -7*b, 5*k - 25 = -4*b. Calculate s(b).
-3
Suppose -3*o + 8 = 5*d, -d - 9 = o + 3*d. Suppose -o*w = -9*w + 4. Let l = 1 - w. Let h(t) = 2*t + 2. What is h(l)?
8
Let b(l) = l**3 - 5*l**2 + 5*l + 2. Let n be b(4). Let c(k) = n + k + 15 - 23. Let g(x) = 2*x**2 + 18*x + 11. Let u be g(-8). What is c(u)?
-7
Let s(w) = 2*w**3 + 0*w**3 + 10*w + 3*w**2 - 7*w - 2 - w**3. What is s(-3)?
-11
Let w(k) = 7*k**2 - 16*k - 2. Let i(r) = 8*r**2 - 17*r - 3. Let t(g) = -5*i(g) + 6*w(g). Determine t(6).
9
Let v(l) = -14*l**2 - 337 - 5*l**2 + 339 + 2*l. Determine v(-1).
-19
Let i(u) be the second derivative of u**3/6 - 2*u**2 - 6*u - 5. Let o(b) = -b**2 + 2*b - 3. Suppose 4*j - 1 - 7 = 0. Let h be o(j). Determine i(h).
-7
Let x = 218 - 219. Let o(c) = 4*c + 2. Give o(x).
-2
Let c(g) = g**2 + 4*g. Let u be 7/7 - (-8)/(-2). Let t(a) = -a**2 - 3*a. Let w(n) = u*t(n) - 4*c(n). Suppose 8*q = 5*q - 24. Determine w(q).
-8
Let z(k) be the first derivative of -k**3/3 - k**2/2 + 2*k + 30. Determine z(-3).
-4
Let v(y) = -y + 1. Let i be 2/6 - (-800)/(-150). Determine v(i).
6
Suppose 3*s + 4*m + 7 = 2*s, s + m = -7. Let v(h) = -h**3 - 4*h**2 + 22*h + 3. What is v(s)?
-4
Suppose -22*r - 31 = 79. Let q(y) = 22*y - 2 - 19*y - y**3 - 4*y**2 + 0*y**3. Give q(r).
8
Let l(k) = -2*k. Let f(u) = 16*u - 2. Let p(q) = -f(q) - 6*l(q). Calculate p(2).
-6
Let d(v) = -2*v**2 - 2*v - 5. Let l(w) = -3*w**2 - 3*w - 8. Let m(b) = 4*d(b) - 3*l(b). Calculate m(-2).
6
Let m be 90/(-21) - (-2)/7. Let z(x) = 8*x + 6. Let f(y) = -7*y - 5. Let a(n) = m*f(n) - 3*z(n). Suppose -v - 3*r + 4 = 6, 5*r = 3*v + 6. What is a(v)?
-6
Suppose -13*k + 20 = 59. Let g(l) = 4*l**2 + l - 7. Let t(y) = -9*y**2 - 2*y + 15. Let r(b) = -7*g(b) - 3*t(b). Calculate r(k).
-2
Let d(c) = 2*c**2 + 2*c - 4. Suppose 5*a = 6*a + 4. Let t = a - -1. Give d(t).
8
Let r(z) = 6*z**3 + 1. Let c be -1 - (1 + 0 + -4). Suppose 0 = -5*t + c*t - 3. Determine r(t).
-5
Let t(r) = r**3 + 12*r**2 - 6*r + 4. Let u(h) = 2*h**3 + 23*h**2 - 15*h + 8. Let o(p) = -5*t(p) + 2*u(p). Determine o(-14).
-4
Suppose 0 = -8*h + 6*h - 10. Let p(c) = c**2 + 5*c - 3. What is p(h)?
-3
Let x(z) be the third derivative of z**5/60 + 5*z**4/24 - 7*z**3/6 + 8*z**2. Let f = 344 + -351. What is x(f)?
7
Let d(y) = 5*y**2 + 6*y - 3. Let p(s) = -9*s**2 - 10*s + 6. Let l(o) = -7*d(o) - 4*p(o). Give l(3).
0
Let k = 12 + -2. Let c be (-1)/1*88/8. Let s = k + c. Let q(m) = -8*m**3 + m + 1. Give q(s).
8
Let a(v) = v**3 + 6*v**2 + 39*v + 435. Let z be a(-8). Let r(g) = 5 - 5 - 2 + 4*g**2 - 7*g + g**3. Calculate r(z).
8
Let m(y) = 14*y**2 + 7*y + 9. Let i(o) = -2*o - 3*o**2 - 2*o**2 + 2 - 5. Let d(l) = 11*i(l) + 4*m(l). Let q = -1267 - -1263. What is d(q)?
-5
Suppose 2*h = h - 3. Let v(g) = -3*g - 1. Let b be v(-1). Let z(r) = -2*r**2 - 3*r + 1 - r**2 + r**b. Give z(h).
-8
Let m(z) = z**3 - 3*z + 13. Let p(v) = -3*v**3 + 2*v**2 + 9*v - 39. Let b(o) = -8*m(o) - 3*p(o). Determine b(6).
-5
Let a(z) = 3*z**3 - 3*z**2 + 10*z - 2. Let u(j) = -j**3 + 2*j**2 - j + 1. Let x(y) = a(y) + 4*u(y). Let l be (-1 + 4)*(1 - -1). Suppose 0*i - i = -l. Give x(i).
2
Let h(z) be the second derivative of -2/3*z**3 + 3*z - 1/2*z**2 + 0. Let b(l) = 4*l - 19. Let f be b(4). Determine h(f).
11
Let a = -81 + 78. Let p(c) = -2*c**2 - 4*c - 1. What is p(a)?
-7
Let q be (-2)/(5 + -3) - -4. Let c(u) = u - 2. Calculate c(q).
1
Let k(o) = -o**2 - 19*o + 57. Let s be k(-22). Let m(u) = u + 8. Determine m(s).
-1
Let d(p) = -4*p**2 + 30*p - 29. Let w be d(7). Let g(b) = -b**2 - 14*b + 6. Calculate g(w).
-9
Suppose 2*c - c - j = -2, -3*c - 5*j - 14 = 0. Let q(s) = 4*s - 11. Let t(k) = 2*k - 5. Let a(n) = -2*q(n) + 5*t(n). Give a(c).
-9
Let q be ((-8)/6)/(1/3). Let k be (-7)/(-5) - q/(-10). Let t(a) = -2*a + 25363 + 25361 - 50724. What is t(k)?
-2
Suppose 3*z + 2 - 20 = -3*m, 0 = -4*m + 4*z - 16. Let a(d) = 8*d**3 + d**2 - 1. Determine a(m).
8
Suppose -9*d + 12 = -6*d + 3*c, -3*d + 12 = 2*c. Let k(i) be the second derivative of i**2 - 1/2*i**3 + 11*i + 0 + 1/6*i**d. What is k(2)?
4
Let i(g) = -3*g**2 - 25*g - 8. Let o be i(-8). Let s(k) be the first derivative of k**3/3 + k**2/2 + 14*k + 6. Determine s(o).
14
Suppose 0 = 12*y - 18*y. Let i(z) = -z**2 - 3*z - 9. Let b be i(y). Let g(m) = m + 3. Give g(b).
-6
Let a(y) = y**2 + 4*y. Let m(z) = z + 1. Let d be m(-4). Let g be (16/10)/(d/15). Let f be 6/(-4) + 20/g. Determine a(f).
0
Let t(z) = -z - 8. Let d be t(-3). Let r(x) = x**3 - x**2. Let u(j) = -6*j**3 - j. Let f(y) = d*r(y) - u(y). Let l = 0 + -5. Calculate f(l).
-5
Let w(r) = r**3 - 3*r**2 - 4*r + 6. Let b be w(4). Let h be b/8 - 76/16. Let o = -10 - h. Let g(l) = -2*l - 9. Give g(o).
3
Let k(c) = c**2 + 5*c. Let u(n) = -n**2 - 4*n. Let o(d) = -3*k(d) - 4*u(d). Let q = 253 + -250. Determine o(q).
12
Let n(j) be the first derivative of 5/2*j**2 - 3*j - 1/3*j**3 - 2. Let u(l) = -l**2 + 16*l + 111. Let q be u(21). What is n(q)?
-9
Let n(q) = 916*q - 917*q - 1 - 5*q**2 + 8*q**2. Determine n(-1).
3
Let c = 43 - 42. Let r(q) = -q - 2. Let z be r(-5). Let n(u) = 5*u**2 - 1 - u**z + 4*u**2 - 7*u**2. What is n(c)?
0
Let d(s) be the second derivative of -1/12*s**4 + 0*s**3 + 0 + 1/2*s**2 - 9*s. Calculate d(-3).
-8
Let w(s) = -33 + 11 + s**2 + 3*s + 13. Let d be w(-5). Let g(c) = c**2 + c - 1. Determine g(d).
1
Let r(f) be the first derivative of -f**4/24 + f**3 - 7*f**2/2 - 8. Let h(n) be the second derivative of r(n). Let m be 9*(8/3 + -2). Calculate h(m).
0
Let f(x) = -1. Let d(y) = 2*y + 12. Let o be d(-8). Let r = -23 + 22. Let c(p) = p + 11. Let s(n) = o*f(n) + r*c